{"id":591,"date":"2024-12-02T20:03:04","date_gmt":"2024-12-02T19:03:04","guid":{"rendered":"https:\/\/cyklometa.sk\/?page_id=591"},"modified":"2025-01-04T22:33:59","modified_gmt":"2025-01-04T21:33:59","slug":"publicita","status":"publish","type":"page","link":"https:\/\/cyklometa.sk\/?page_id=591","title":{"rendered":"Publicita"},"content":{"rendered":"\n<p class=\"has-small-font-size\">Report\u00e1\u017e V\u00fdchodoslovenskej Telev\u00edzie z Cyklom\u00e9ty 2019<\/p>\n\n\n\n<figure class=\"wp-block-embed is-type-video is-provider-youtube wp-block-embed-youtube wp-embed-aspect-16-9 wp-has-aspect-ratio\"><div class=\"wp-block-embed__wrapper\">\n<div class=\"video-container\"><iframe loading=\"lazy\" title=\"Spravy VSTV (3. t\u00fd\u017ede\u0148 2019)\" width=\"640\" height=\"360\" src=\"https:\/\/www.youtube.com\/embed\/2RBsPKXRqHA?start=488&#038;feature=oembed\" frameborder=\"0\" allow=\"accelerometer; autoplay; clipboard-write; encrypted-media; gyroscope; picture-in-picture; web-share\" referrerpolicy=\"strict-origin-when-cross-origin\" allowfullscreen><\/iframe><\/div>\n<\/div><\/figure>\n\n\n\n<p class=\"has-small-font-size\">\u010cl\u00e1nky, fotogal\u00e9rie, alebo kde n\u00e1s spomenuli<\/p>\n\n\n\n<figure class=\"wp-block-embed is-type-wp-embed is-provider-pre-ovsk-novinky wp-block-embed-pre-ovsk-novinky\"><div class=\"wp-block-embed__wrapper\">\n<div class=\"video-container\"><blockquote class=\"wp-embedded-content\" data-secret=\"FD7S1HgoZa\"><a href=\"https:\/\/www.presovskenovinky.sk\/cyklometa-2025-presovske-ulice-sa-opat-zaplnia-svetielkujucimi-bicyklami\/\">Cyklom\u00e9ta 2025: Pre\u0161ovsk\u00e9 ulice sa op\u00e4\u0165 zaplnia svetielkuj\u00facimi bicyklami<\/a><\/blockquote><iframe loading=\"lazy\" class=\"wp-embedded-content\" sandbox=\"allow-scripts\" security=\"restricted\" style=\"position: absolute; visibility: hidden;\" title=\"&#8220;Cyklom\u00e9ta 2025: Pre\u0161ovsk\u00e9 ulice sa op\u00e4\u0165 zaplnia svetielkuj\u00facimi bicyklami&#8221; &#8212; Pre\u0161ovsk\u00e9 novinky\" src=\"https:\/\/www.presovskenovinky.sk\/cyklometa-2025-presovske-ulice-sa-opat-zaplnia-svetielkujucimi-bicyklami\/embed\/#?secret=s0Q4OeDtPG#?secret=FD7S1HgoZa\" data-secret=\"FD7S1HgoZa\" width=\"600\" height=\"338\" frameborder=\"0\" marginwidth=\"0\" marginheight=\"0\" scrolling=\"no\"><\/iframe><\/div>\n<\/div><\/figure>\n\n\n\n<p class=\"has-small-font-size\"><a href=\"https:\/\/sita.sk\/presovcania-sa-na-troch-kralov-stretnu-na-jubilejnej-cyklomete-zastavia-sa-pri-stromceku-a-ziskaju-rozne-odmeny\">https:\/\/sita.sk\/presovcania-sa-na-troch-kralov-stretnu-na-jubilejnej-cyklomete-zastavia-sa-pri-stromceku-a-ziskaju-rozne-odmeny<\/a><\/p>\n\n\n\n<figure class=\"wp-block-embed is-type-wp-embed is-provider-eastmag wp-block-embed-eastmag\"><div class=\"wp-block-embed__wrapper\">\n<div class=\"video-container\"><blockquote class=\"wp-embedded-content\" data-secret=\"4bzUFVNFiD\"><a href=\"https:\/\/eastmag.sk\/2025\/01\/02\/cyklisti-v-presove-zdolaju-10-cyklometu\/\">Cyklisti v Pre\u0161ove zdolaj\u00fa 10. Cyklom\u00e9tu<\/a><\/blockquote><iframe loading=\"lazy\" class=\"wp-embedded-content\" sandbox=\"allow-scripts\" security=\"restricted\" style=\"position: absolute; visibility: hidden;\" title=\"&#8220;Cyklisti v Pre\u0161ove zdolaj\u00fa 10. Cyklom\u00e9tu&#8221; &#8212; EASTMAG\" src=\"https:\/\/eastmag.sk\/2025\/01\/02\/cyklisti-v-presove-zdolaju-10-cyklometu\/embed\/#?secret=OyV9kl7399#?secret=4bzUFVNFiD\" data-secret=\"4bzUFVNFiD\" width=\"600\" height=\"338\" frameborder=\"0\" marginwidth=\"0\" marginheight=\"0\" scrolling=\"no\"><\/iframe><\/div>\n<\/div><\/figure>\n\n\n\n<figure class=\"wp-block-embed is-type-wp-embed is-provider-pestr-regi-n-regi-n-ari wp-block-embed-pestr-regi-n-regi-n-ari\"><div class=\"wp-block-embed__wrapper\">\n<div class=\"video-container\"><blockquote class=\"wp-embedded-content\" data-secret=\"VlXVYBzbCI\"><a href=\"https:\/\/www.regionsaris.sk\/podujatia\/10-cyklometa\/\">10. ro\u010dn\u00edk &#8211; Cyklom\u00e9ta 2025<\/a><\/blockquote><iframe loading=\"lazy\" class=\"wp-embedded-content\" sandbox=\"allow-scripts\" security=\"restricted\" style=\"position: absolute; visibility: hidden;\" title=\"&#8220;10. ro\u010dn\u00edk &#8211; Cyklom\u00e9ta 2025&#8221; &#8212; Pestr\u00fd regi\u00f3n | Regi\u00f3n \u0160ari\u0161\" src=\"https:\/\/www.regionsaris.sk\/podujatia\/10-cyklometa\/embed\/#?secret=6CIDVZNYCC#?secret=VlXVYBzbCI\" data-secret=\"VlXVYBzbCI\" width=\"600\" height=\"338\" frameborder=\"0\" marginwidth=\"0\" marginheight=\"0\" scrolling=\"no\"><\/iframe><\/div>\n<\/div><\/figure>\n\n\n\n<p class=\"has-small-font-size\"><a href=\"https:\/\/presov.zoznam.sk\/v-presove-sa-uskutocni-desiaty-rocnik-podujatia-cyklometa\">https:\/\/presov.zoznam.sk\/v-presove-sa-uskutocni-desiaty-rocnik-podujatia-cyklometa<\/a><\/p>\n\n\n\n<p class=\"has-small-font-size\"><a href=\"https:\/\/www.presov.sk\/oznamy\/cyklisti-v-presove-zdolaju-10--cyklometu.html\">https:\/\/www.presov.sk\/oznamy\/cyklisti-v-presove-zdolaju-10&#8211;cyklometu.html<\/a><\/p>\n\n\n\n<p class=\"has-small-font-size\"><a href=\"https:\/\/dennikn.sk\/4016278\/presov-ako-amsterdam-vychodu-z-dokumentov-miestnych-aktivistov-k-rozvoju-cykloinfrastruktury-z-90-rokov-sa-cerpa-dodnes\" target=\"_blank\" rel=\"noreferrer noopener\">https:\/\/dennikn.sk\/4016278\/presov-ako-amsterdam-vychodu-z-dokumentov-miestnych-aktivistov-k-rozvoju-cykloinfrastruktury-z-90-rokov-sa-cerpa-dodnes<\/a><\/p>\n\n\n\n<p class=\"has-small-font-size\"><a href=\"https:\/\/presov.dnes24.sk\/opat-upozornia-na-nutnost-byt-osvetleny-cyklisti-prejdu-presovom-vyzdobeni-350417\">https:\/\/presov.dnes24.sk\/opat-upozornia-na-nutnost-byt-osvetleny-cyklisti-prejdu-presovom-vyzdobeni-350417<\/a><\/p>\n\n\n\n<figure class=\"wp-block-image size-full\"><img loading=\"lazy\" decoding=\"async\" width=\"502\" height=\"406\" src=\"https:\/\/cyklometa.sk\/wp-content\/uploads\/2024\/12\/clanok-pred-cyklometou.jpg\" alt=\"\" class=\"wp-image-655\" srcset=\"https:\/\/cyklometa.sk\/wp-content\/uploads\/2024\/12\/clanok-pred-cyklometou.jpg 502w, https:\/\/cyklometa.sk\/wp-content\/uploads\/2024\/12\/clanok-pred-cyklometou-300x243.jpg 300w\" sizes=\"auto, (max-width: 502px) 100vw, 502px\" \/><\/figure>\n\n\n\n<figure class=\"wp-block-image size-full is-resized\"><img loading=\"lazy\" decoding=\"async\" width=\"683\" height=\"658\" src=\"https:\/\/cyklometa.sk\/wp-content\/uploads\/2024\/12\/clanok-po-cyklomete002.jpg\" alt=\"\" class=\"wp-image-659\" style=\"width:500px;height:auto\" srcset=\"https:\/\/cyklometa.sk\/wp-content\/uploads\/2024\/12\/clanok-po-cyklomete002.jpg 683w, https:\/\/cyklometa.sk\/wp-content\/uploads\/2024\/12\/clanok-po-cyklomete002-300x289.jpg 300w\" sizes=\"auto, (max-width: 683px) 100vw, 683px\" \/><\/figure>\n\n\n\n<p class=\"has-small-font-size\"><a href=\"https:\/\/presov.dnes24.sk\/galeria\/cyklometa-mala-uspech-aj-na-snehu-v-presove-sa-stretli-jej-desiatky-priaznivcov-78657\/fotografia-8?page=2\">https:\/\/presov.dnes24.sk\/galeria\/cyklometa-mala-uspech-aj-na-snehu-v-presove-sa-stretli-jej-desiatky-priaznivcov-78657\/fotografia-8?page=2<\/a><\/p>\n\n\n\n<p class=\"has-small-font-size\"><a href=\"https:\/\/presov.dnes24.sk\/galeria\/obrazom-presovom-opat-jazdila-cyklometa-87813\/fotografia-5\">https:\/\/presov.dnes24.sk\/galeria\/obrazom-presovom-opat-jazdila-cyklometa-87813\/fotografia-5<\/a><\/p>\n\n\n\n<p class=\"has-small-font-size\"><a href=\"https:\/\/presov.dnes24.sk\/galeria\/vlani-prilakala-mnozstvo-priaznivcov-cyklometa-sa-uskutocni-aj-tento-rok-78442\/fotografia-3\">https:\/\/presov.dnes24.sk\/galeria\/vlani-prilakala-mnozstvo-priaznivcov-cyklometa-sa-uskutocni-aj-tento-rok-78442\/fotografia-3<\/a><\/p>\n\n\n\n<figure class=\"wp-block-embed is-type-wp-embed is-provider-cyklodoprava-sk wp-block-embed-cyklodoprava-sk\"><div class=\"wp-block-embed__wrapper\">\n<div class=\"video-container\"><blockquote class=\"wp-embedded-content\" data-secret=\"H8Nk5cm6C9\"><a href=\"https:\/\/www.cyklodoprava.sk\/presovski-cyklisti-si-uzili-trojkralovu-cyklometu-v-hojnom-pocte\/\">Pre\u0161ovsk\u00ed cyklisti si u\u017eili Trojkr\u00e1\u013eov\u00fa Cyklom\u00e9tu v hojnom po\u010dte<\/a><\/blockquote><iframe loading=\"lazy\" class=\"wp-embedded-content\" sandbox=\"allow-scripts\" security=\"restricted\" style=\"position: absolute; visibility: hidden;\" title=\"&#8220;Pre\u0161ovsk\u00ed cyklisti si u\u017eili Trojkr\u00e1\u013eov\u00fa Cyklom\u00e9tu v hojnom po\u010dte&#8221; &#8212; cyklodoprava.sk\" src=\"https:\/\/www.cyklodoprava.sk\/presovski-cyklisti-si-uzili-trojkralovu-cyklometu-v-hojnom-pocte\/embed\/#?secret=SLTCynrKZY#?secret=H8Nk5cm6C9\" data-secret=\"H8Nk5cm6C9\" width=\"600\" height=\"338\" frameborder=\"0\" marginwidth=\"0\" marginheight=\"0\" scrolling=\"no\"><\/iframe><\/div>\n<\/div><\/figure>\n\n\n\n<figure class=\"wp-block-embed is-type-wp-embed is-provider-ctzn wp-block-embed-ctzn\"><div class=\"wp-block-embed__wrapper\">\n<div class=\"video-container\"><blockquote class=\"wp-embedded-content\" data-secret=\"6fSjp9XSDz\"><a href=\"https:\/\/ctzn.punkt.sk\/presov-ako-amsterdam-vychodu-z-dokumentov-ktore-miestni-aktivisti-pripravili-na-rozvoj-cykloinfrastruktury-v-90-rokoch-sa-stavia-doteraz\/\">Pre\u0161ov ako Amsterdam V\u00fdchodu. Z dokumentov aktivistov pre rozvoj cykloinfra\u0161trukt\u00fary v 90. rokoch sa stavia dodnes<\/a><\/blockquote><iframe loading=\"lazy\" class=\"wp-embedded-content\" sandbox=\"allow-scripts\" security=\"restricted\" style=\"position: absolute; visibility: hidden;\" title=\"&#8220;Pre\u0161ov ako Amsterdam V\u00fdchodu. Z dokumentov aktivistov pre rozvoj cykloinfra\u0161trukt\u00fary v 90. rokoch sa stavia dodnes&#8221; &#8212; CTZN\" src=\"https:\/\/ctzn.punkt.sk\/presov-ako-amsterdam-vychodu-z-dokumentov-ktore-miestni-aktivisti-pripravili-na-rozvoj-cykloinfrastruktury-v-90-rokoch-sa-stavia-doteraz\/embed\/#?secret=AmsLNn0OJ2#?secret=6fSjp9XSDz\" data-secret=\"6fSjp9XSDz\" width=\"600\" height=\"338\" frameborder=\"0\" marginwidth=\"0\" marginheight=\"0\" scrolling=\"no\"><\/iframe><\/div>\n<\/div><\/figure>\n\n\n\n<figure class=\"wp-block-image size-full is-resized\"><img loading=\"lazy\" decoding=\"async\" width=\"677\" height=\"568\" src=\"https:\/\/cyklometa.sk\/wp-content\/uploads\/2024\/12\/LBR.jpg\" alt=\"\" class=\"wp-image-654\" style=\"width:599px;height:auto\" srcset=\"https:\/\/cyklometa.sk\/wp-content\/uploads\/2024\/12\/LBR.jpg 677w, https:\/\/cyklometa.sk\/wp-content\/uploads\/2024\/12\/LBR-300x252.jpg 300w\" sizes=\"auto, (max-width: 677px) 100vw, 677px\" \/><\/figure>\n\n\n\n<p><\/p>\n","protected":false},"excerpt":{"rendered":"<p>Report\u00e1\u017e V\u00fdchodoslovenskej Telev\u00edzie z Cyklom\u00e9ty 2019 \u010cl\u00e1nky, fotogal\u00e9rie, alebo kde n\u00e1s spomenuli https:\/\/sita.sk\/presovcania-sa-na-troch-kralov-stretnu-na-jubilejnej-cyklomete-zastavia-sa-pri-stromceku-a-ziskaju-rozne-odmeny https:\/\/presov.zoznam.sk\/v-presove-sa-uskutocni-desiaty-rocnik-podujatia-cyklometa https:\/\/www.presov.sk\/oznamy\/cyklisti-v-presove-zdolaju-10&#8211;cyklometu.html https:\/\/dennikn.sk\/4016278\/presov-ako-amsterdam-vychodu-z-dokumentov-miestnych-aktivistov-k-rozvoju-cykloinfrastruktury-z-90-rokov-sa-cerpa-dodnes https:\/\/presov.dnes24.sk\/opat-upozornia-na-nutnost-byt-osvetleny-cyklisti-prejdu-presovom-vyzdobeni-350417 https:\/\/presov.dnes24.sk\/galeria\/cyklometa-mala-uspech-aj-na-snehu-v-presove-sa-stretli-jej-desiatky-priaznivcov-78657\/fotografia-8?page=2 https:\/\/presov.dnes24.sk\/galeria\/obrazom-presovom-opat-jazdila-cyklometa-87813\/fotografia-5 https:\/\/presov.dnes24.sk\/galeria\/vlani-prilakala-mnozstvo-priaznivcov-cyklometa-sa-uskutocni-aj-tento-rok-78442\/fotografia-3<\/p>\n","protected":false},"author":1,"featured_media":0,"parent":0,"menu_order":0,"comment_status":"closed","ping_status":"closed","template":"","meta":{"_monsterinsights_skip_tracking":false,"_monsterinsights_sitenote_active":false,"_monsterinsights_sitenote_note":"","_monsterinsights_sitenote_category":0,"footnotes":""},"class_list":["post-591","page","type-page","status-publish","hentry"],"yoast_head":"<!-- This site is optimized with the Yoast SEO plugin v26.6 - https:\/\/yoast.com\/wordpress\/plugins\/seo\/ -->\n<title>Publicita - Cyklom\u00e9ta<\/title>\n<meta name=\"description\" content=\"\u010dl\u00e1nky a report\u00e1\u017ee cyklom\u00e9ta\" \/>\n<meta name=\"robots\" content=\"index, follow, max-snippet:-1, max-image-preview:large, max-video-preview:-1\" \/>\n<link rel=\"canonical\" href=\"https:\/\/cyklometa.sk\/?page_id=591\" \/>\n<meta property=\"og:locale\" content=\"sk_SK\" \/>\n<meta property=\"og:type\" content=\"article\" \/>\n<meta property=\"og:title\" content=\"Publicita - Cyklom\u00e9ta\" \/>\n<meta property=\"og:description\" content=\"\u010dl\u00e1nky a report\u00e1\u017ee cyklom\u00e9ta\" \/>\n<meta property=\"og:url\" content=\"https:\/\/cyklometa.sk\/?page_id=591\" \/>\n<meta property=\"og:site_name\" content=\"Cyklom\u00e9ta\" \/>\n<meta property=\"article:modified_time\" content=\"2025-01-04T21:33:59+00:00\" \/>\n<meta property=\"og:image\" content=\"https:\/\/cyklometa.sk\/wp-content\/uploads\/2024\/12\/clanok-pred-cyklometou.jpg\" \/>\n\t<meta property=\"og:image:width\" content=\"502\" \/>\n\t<meta property=\"og:image:height\" content=\"406\" \/>\n\t<meta property=\"og:image:type\" content=\"image\/jpeg\" \/>\n<meta name=\"twitter:card\" content=\"summary_large_image\" \/>\n<meta name=\"twitter:label1\" content=\"Predpokladan\u00fd \u010das \u010d\u00edtania\" \/>\n\t<meta name=\"twitter:data1\" content=\"1 min\u00fata\" \/>\n<script type=\"application\/ld+json\" class=\"yoast-schema-graph\">{\"@context\":\"https:\/\/schema.org\",\"@graph\":[{\"@type\":\"WebPage\",\"@id\":\"https:\/\/cyklometa.sk\/?page_id=591\",\"url\":\"https:\/\/cyklometa.sk\/?page_id=591\",\"name\":\"Publicita - Cyklom\u00e9ta\",\"isPartOf\":{\"@id\":\"https:\/\/cyklometa.sk\/#website\"},\"primaryImageOfPage\":{\"@id\":\"https:\/\/cyklometa.sk\/?page_id=591#primaryimage\"},\"image\":{\"@id\":\"https:\/\/cyklometa.sk\/?page_id=591#primaryimage\"},\"thumbnailUrl\":\"https:\/\/cyklometa.sk\/wp-content\/uploads\/2024\/12\/clanok-pred-cyklometou.jpg\",\"datePublished\":\"2024-12-02T19:03:04+00:00\",\"dateModified\":\"2025-01-04T21:33:59+00:00\",\"description\":\"\u010dl\u00e1nky a report\u00e1\u017ee cyklom\u00e9ta\",\"breadcrumb\":{\"@id\":\"https:\/\/cyklometa.sk\/?page_id=591#breadcrumb\"},\"inLanguage\":\"sk-SK\",\"potentialAction\":[{\"@type\":\"ReadAction\",\"target\":[\"https:\/\/cyklometa.sk\/?page_id=591\"]}]},{\"@type\":\"ImageObject\",\"inLanguage\":\"sk-SK\",\"@id\":\"https:\/\/cyklometa.sk\/?page_id=591#primaryimage\",\"url\":\"https:\/\/cyklometa.sk\/wp-content\/uploads\/2024\/12\/clanok-pred-cyklometou.jpg\",\"contentUrl\":\"https:\/\/cyklometa.sk\/wp-content\/uploads\/2024\/12\/clanok-pred-cyklometou.jpg\",\"width\":502,\"height\":406},{\"@type\":\"BreadcrumbList\",\"@id\":\"https:\/\/cyklometa.sk\/?page_id=591#breadcrumb\",\"itemListElement\":[{\"@type\":\"ListItem\",\"position\":1,\"name\":\"Home\",\"item\":\"https:\/\/cyklometa.sk\/\"},{\"@type\":\"ListItem\",\"position\":2,\"name\":\"Publicita\"}]},{\"@type\":\"WebSite\",\"@id\":\"https:\/\/cyklometa.sk\/#website\",\"url\":\"https:\/\/cyklometa.sk\/\",\"name\":\"Cyklom\u00e9ta\",\"description\":\"Bezpe\u010dne na bicykli po\u010das cel\u00e9ho roka!\",\"potentialAction\":[{\"@type\":\"SearchAction\",\"target\":{\"@type\":\"EntryPoint\",\"urlTemplate\":\"https:\/\/cyklometa.sk\/?s={search_term_string}\"},\"query-input\":{\"@type\":\"PropertyValueSpecification\",\"valueRequired\":true,\"valueName\":\"search_term_string\"}}],\"inLanguage\":\"sk-SK\"}]}<\/script>\n<!-- \/ Yoast SEO plugin. -->","yoast_head_json":{"title":"Publicita - Cyklom\u00e9ta","description":"\u010dl\u00e1nky a report\u00e1\u017ee cyklom\u00e9ta","robots":{"index":"index","follow":"follow","max-snippet":"max-snippet:-1","max-image-preview":"max-image-preview:large","max-video-preview":"max-video-preview:-1"},"canonical":"https:\/\/cyklometa.sk\/?page_id=591","og_locale":"sk_SK","og_type":"article","og_title":"Publicita - Cyklom\u00e9ta","og_description":"\u010dl\u00e1nky a report\u00e1\u017ee cyklom\u00e9ta","og_url":"https:\/\/cyklometa.sk\/?page_id=591","og_site_name":"Cyklom\u00e9ta","article_modified_time":"2025-01-04T21:33:59+00:00","og_image":[{"width":502,"height":406,"url":"https:\/\/cyklometa.sk\/wp-content\/uploads\/2024\/12\/clanok-pred-cyklometou.jpg","type":"image\/jpeg"}],"twitter_card":"summary_large_image","twitter_misc":{"Predpokladan\u00fd \u010das \u010d\u00edtania":"1 min\u00fata"},"schema":{"@context":"https:\/\/schema.org","@graph":[{"@type":"WebPage","@id":"https:\/\/cyklometa.sk\/?page_id=591","url":"https:\/\/cyklometa.sk\/?page_id=591","name":"Publicita - Cyklom\u00e9ta","isPartOf":{"@id":"https:\/\/cyklometa.sk\/#website"},"primaryImageOfPage":{"@id":"https:\/\/cyklometa.sk\/?page_id=591#primaryimage"},"image":{"@id":"https:\/\/cyklometa.sk\/?page_id=591#primaryimage"},"thumbnailUrl":"https:\/\/cyklometa.sk\/wp-content\/uploads\/2024\/12\/clanok-pred-cyklometou.jpg","datePublished":"2024-12-02T19:03:04+00:00","dateModified":"2025-01-04T21:33:59+00:00","description":"\u010dl\u00e1nky a report\u00e1\u017ee cyklom\u00e9ta","breadcrumb":{"@id":"https:\/\/cyklometa.sk\/?page_id=591#breadcrumb"},"inLanguage":"sk-SK","potentialAction":[{"@type":"ReadAction","target":["https:\/\/cyklometa.sk\/?page_id=591"]}]},{"@type":"ImageObject","inLanguage":"sk-SK","@id":"https:\/\/cyklometa.sk\/?page_id=591#primaryimage","url":"https:\/\/cyklometa.sk\/wp-content\/uploads\/2024\/12\/clanok-pred-cyklometou.jpg","contentUrl":"https:\/\/cyklometa.sk\/wp-content\/uploads\/2024\/12\/clanok-pred-cyklometou.jpg","width":502,"height":406},{"@type":"BreadcrumbList","@id":"https:\/\/cyklometa.sk\/?page_id=591#breadcrumb","itemListElement":[{"@type":"ListItem","position":1,"name":"Home","item":"https:\/\/cyklometa.sk\/"},{"@type":"ListItem","position":2,"name":"Publicita"}]},{"@type":"WebSite","@id":"https:\/\/cyklometa.sk\/#website","url":"https:\/\/cyklometa.sk\/","name":"Cyklom\u00e9ta","description":"Bezpe\u010dne na bicykli po\u010das cel\u00e9ho roka!","potentialAction":[{"@type":"SearchAction","target":{"@type":"EntryPoint","urlTemplate":"https:\/\/cyklometa.sk\/?s={search_term_string}"},"query-input":{"@type":"PropertyValueSpecification","valueRequired":true,"valueName":"search_term_string"}}],"inLanguage":"sk-SK"}]}},"_links":{"self":[{"href":"https:\/\/cyklometa.sk\/index.php?rest_route=\/wp\/v2\/pages\/591","targetHints":{"allow":["GET"]}}],"collection":[{"href":"https:\/\/cyklometa.sk\/index.php?rest_route=\/wp\/v2\/pages"}],"about":[{"href":"https:\/\/cyklometa.sk\/index.php?rest_route=\/wp\/v2\/types\/page"}],"author":[{"embeddable":true,"href":"https:\/\/cyklometa.sk\/index.php?rest_route=\/wp\/v2\/users\/1"}],"replies":[{"embeddable":true,"href":"https:\/\/cyklometa.sk\/index.php?rest_route=%2Fwp%2Fv2%2Fcomments&post=591"}],"version-history":[{"count":7,"href":"https:\/\/cyklometa.sk\/index.php?rest_route=\/wp\/v2\/pages\/591\/revisions"}],"predecessor-version":[{"id":881,"href":"https:\/\/cyklometa.sk\/index.php?rest_route=\/wp\/v2\/pages\/591\/revisions\/881"}],"wp:attachment":[{"href":"https:\/\/cyklometa.sk\/index.php?rest_route=%2Fwp%2Fv2%2Fmedia&parent=591"}],"curies":[{"name":"wp","href":"https:\/\/api.w.org\/{rel}","templated":true}]}}